30)/9*(-12)/8. Suppose -4 = -4*g - 0*g. Suppose v + 2*f - g = 0, 2*v + s*f + 5 - 4 = 0. List the prime factors of v.
7
Suppose -3*l + 8*l = 0. Suppose 6*j - d - 27 = 3*j, l = j + 5*d - 9. List the prime factors of j.
3
Let q = -14 - -20. Suppose -i + q = -z, -6 = -5*i - 4*z + z. Suppose -4*c = i - 39. What are the prime factors of c?
3
Suppose 773 = 5*t + 2*r - r, -5*t = -3*r - 761. List the prime factors of t.
2, 7, 11
Let d = 45 + -93. List the prime factors of (-1)/(-1 - 44/d).
2, 3
Let t = 62 + -43. Let u = -6 + t. List the prime factors of u.
13
Let t(g) = g**2 + 2*g - 4. Let p be -3 + (3 - 0) + 8. Let r = 4 - p. List the prime factors of t(r).
2
Let f(d) = d**3 - 4*d**2 - 5*d + 5. Let n be f(5). Suppose b = n*b - 116. What are the prime factors of b?
29
Let x(v) be the third derivative of -v**6/120 - 7*v**5/60 - 7*v**4/24 - v**3/6 - 6*v**2. List the prime factors of x(-6).
5
Let u(n) = n**2 - 11*n + 10. Let y be u(10). Let c(p) = p**2 - p + 13. What are the prime factors of c(y)?
13
Suppose -32 = 4*i + 4*h, 2*i + 3 = h - 4. Let o(j) = -j - 1. What are the prime factors of o(i)?
2
Suppose -5*v + 2*h + h = -21, 3*v = h + 11. Suppose -v + 7 = -j, 0 = 3*g + j - 170. What are the prime factors of g?
2, 29
Suppose 0 = 4*k - 3*f - 319, -5*k - 47 = f - 441. Suppose 0 = 3*n + 10 - k. List the prime factors of n.
23
Suppose 4*f = 5*f + 9. Let b be 0 - 6*6/f. Suppose 4*m + 9 = b*s + 1, 0 = -m. List the prime factors of s.
2
Let n(z) = 2*z + 7. What are the prime factors of n(7)?
3, 7
Let q(h) = h**2 + 2*h + 4. Let l be q(6). Suppose f - 5*f - 2*i = -l, 4*f - 5*i = 66. What are the prime factors of f?
2, 7
Let s(t) = 40*t + 2. What are the prime factors of s(1)?
2, 3, 7
Let x = -3 - -5. Let y(o) = 15*o - 2. What are the prime factors of y(x)?
2, 7
Suppose 0 = -0*u - 2*u - 4. Let m(k) = -29*k - 1. List the prime factors of m(u).
3, 19
Let r be 28/(-6)*(-3)/1. Suppose -3*p - 22 = 4*k, 0 = 4*p - 3*p - 4*k - r. What are the prime factors of 1/(33/(-18) - p)?
2, 3
Let i = 84 + -49. Suppose 3*y - i = -2*y. List the prime factors of y.
7
Suppose 2*u - 3*u + 93 = 0. What are the prime factors of u?
3, 31
List the prime factors of 1 - ((-208)/4 + -3).
2, 7
Let b(p) = -p**2 - 5*p + 5. Let t be b(-5). Suppose 9 = -2*f - t. Let x = f + 11. List the prime factors of x.
2
Let t be 0 + 1*(5 - 1). Suppose -2*g - 6 = -4*f + 32, 0 = -3*f + g + 29. Suppose t*p = f - 2. What are the prime factors of p?
2
Let n be (-2)/3 - (-14)/21. Suppose -5*f - 2*k + 119 = n, 3*f = -4*k + k + 75. What are the prime factors of f?
23
Let d(x) = -x**2 - 1. Let w(v) = v**2 - 6*v + 4. Let q(l) = 2*d(l) + w(l). Let z be q(-6). Suppose -3*k = -34 - z. List the prime factors of k.
2, 3
Suppose 5*t = 7 - 2. Let q = 1 + t. Suppose -q*a - 18 = -5*a. List the prime factors of a.
2, 3
Let b(j) = -3*j - 10. Let r be b(-9). Suppose 3*t = 0, 4*u - 11 - r = 3*t. List the prime factors of u.
7
Suppose -4*u = -4*r, 3*r - 10 = -5*u - 2. Suppose 0 = 2*b + 3 - u. What are the prime factors of -2*(-9)/(-2)*b?
3
Let k(s) = 15*s**2 - 7*s. What are the prime factors of k(3)?
2, 3, 19
Let g = -11 - -47. Let k = 54 - g. Suppose -p + 3*p - k = 0. List the prime factors of p.
3
Let i(b) = -b - 1. Let n be i(-5). Suppose 0*r - 3*r = 2*a + 50, 4*r + n*a = -60. What are the prime factors of 2/(-5) - 228/r?
11
Suppose 3*j + 2*t = -j + 16, -14 = j + 5*t. What are the prime factors of j?
2, 3
Let b(u) = -3*u + 4. Let m be b(3). Let r be (m/10)/(1/2). List the prime factors of (33/(-9))/(r/3).
11
Suppose -3*f = -54 + 3. Let s be f*((1 - -1) + -1). Suppose 0 = -0*t - t + s. List the prime factors of t.
17
List the prime factors of 8/10*(-65)/(-26) - -50.
2, 13
Let o(b) = 14 + b - 3*b + 3*b. List the prime factors of o(-5).
3
Let d(y) = -y**2 + 5*y - 2. Suppose 12 = -j + 2*j - 4*b, 5*j - 26 = 3*b. List the prime factors of d(j).
2
What are the prime factors of 61 - (3 + -7 + 4)?
61
Let n(c) = c**3 + 8*c**2 + 4*c - 2. What are the prime factors of n(-7)?
19
Let f = 15 - 4. Let o = 24 - f. List the prime factors of o.
13
Let c = 406 - 196. What are the prime factors of c?
2, 3, 5, 7
List the prime factors of -48*((-20)/12 + 1).
2
Let b(v) be the third derivative of -v**4/6 - 2*v**3/3 - v**2. List the prime factors of b(-7).
2, 3
Let h(y) = -y + 6. Let c be h(6). List the prime factors of c + 1 - 2/(-1).
3
Let k = 25 + -15. What are the prime factors of k?
2, 5
Let w be 8/(-20) + (-4)/(-10). Suppose w*o = -4*o + 20. What are the prime factors of o?
5
Suppose 0 = 3*y - 2*y. Suppose y = -2*o + 24. Suppose -j + 5*j - o = 0. What are the prime factors of j?
3
Let y be -1 + 17 - 16/8. Suppose -d + 10 = -y. What are the prime factors of d?
2, 3
Suppose 28 - 136 = -4*f. List the prime factors of f.
3
What are the prime factors of (-244)/(-5) + (-1)/(-5)?
7
Let z = -15 - -11. Suppose 0 = s - 5*q, 3*s + s + 3*q - 69 = 0. Let g = z + s. List the prime factors of g.
11
Let r(m) = -4*m**3 + 9*m**2 + 2*m - 8. Let f(y) = 7*y**3 - 17*y**2 - 5*y + 16. Let d(o) = 3*f(o) + 5*r(o). What are the prime factors of d(7)?
2, 11
Let c be -1 - (-3 - (1 - 3)). Suppose g - 4 + 2 = c. What are the prime factors of (-1)/(g/(-22) + 0)?
11
Suppose 47*c + 2082 = 53*c. List the prime factors of c.
347
Let r(n) = 49*n - 44. List the prime factors of r(4).
2, 19
Suppose -i - 3 = 0, -u + 3*i = 2*u - 42. Suppose -2*b + 23 = 7. Suppose t = -3*o + u + b, 3*t = o - 23. What are the prime factors of o?
2
Suppose -2*z + 7*z + 3*m - 89 = 0, -5*m + 28 = 2*z. List the prime factors of z.
19
What are the prime factors of -48*((-3)/6 + 0)?
2, 3
Let d(k) = 2 + 3*k**2 - k - k + k. What are the prime factors of d(-2)?
2
Let g(s) = -s**3 - 6*s**2 - 2*s - 9. Let c be g(-6). Suppose -13 = c*v + 11. Let d = -3 - v. List the prime factors of d.
5
Let q(b) = -b**3 - 7*b**2 - b + 8. Let u = -89 - -131. Let t be (4/6)/((-4)/u). What are the prime factors of q(t)?
3, 5
What are the prime factors of (-1)/(1*(-2)/26)?
13
Suppose -2*a + 8 = -2*c + 3*a, 2*c - 4 = 2*a. Suppose -2*y - 24 = -4*t - c*y, 5*y = 15. Let j(d) = d**3 - 3*d**2 + d + 4. What are the prime factors of j(t)?
7
Let i = -5 + 9. Suppose i = 4*a - 4. Suppose 22 - a = 2*k + n, 2*n + 24 = 4*k. What are the prime factors of k?
2
Let r = -3 - -4. Let w be r*5*(-8)/(-8). Suppose -3*s - 9 = 0, -131 = -5*f + w*s - 26. List the prime factors of f.
2, 3
Let t be 2 + 2 + 2 - 2. Suppose -t*f = 4*o - 4, -1 = -2*f - 5*o - 5. What are the prime factors of -16*3/(-2*f)?
2
Let w be (-9)/(-3)*8 + -1. Suppose 3 = 3*f + 4*c + 2, 5*f - w = 4*c. List the prime factors of f.
3
Let m(j) be the second derivative of j**5/20 - j**4/12 + j**2 - j. Let t be m(0). List the prime factors of t/(-7) - 58/(-7).
2
Let a(p) = -5*p**3 + 2*p**2 + 5*p. What are the prime factors of a(-3)?
2, 3, 23
Let x = 6 + -7. Let w = 15 + x. What are the prime factors of w?
2, 7
Let h(y) = y**3 - 5*y**2 + 4. Let j be h(5). Suppose -x + 35 = j*x. Let q(w) = -w**2 + 6*w + 10. What are the prime factors of q(x)?
3
Let v(k) = -k**3 + 10*k**2 - 12*k + 1. Let h be v(9). Let n = -14 - h. What are the prime factors of n?
2, 3
Suppose -5*f = -0*f - 100. Let l = 32 - f. What are the prime factors of l?
2, 3
Suppose -2*o = 4*u - 56 - 0, 3*u + 5*o - 42 = 0. List the prime factors of u.
2, 7
Let j(o) = -o**3 + 14*o**2 - 17*o. List the prime factors of j(12).
2, 3, 7
Suppose -4*w - w - 75 = 0. Let h = w - -27. Let j = 20 - h. What are the prime factors of j?
2
Let y = -10 - -4. Let v = -4 - y. Suppose 0 = v*a - 14 + 6. What are the prime factors of a?
2
Suppose 0 = -5*f - g + 81, -3*f - 4*g - 15 = -50. What are the prime factors of f?
17
Suppose -4*v - 48 = -2*j + 46, 4*j - 213 = 3*v. List the prime factors of j.
3, 19
Let n(y) = 2*y**3 + 20*y**2 + 6*y + 5. List the prime factors of n(-8).
3, 71
Let g(o) = o**3 + 8*o**2 - o + 3. List the prime factors of g(-7).
59
Let m(o) = o**3 + 6*o**2 - o. Let v(b) = 4*b + 2. Let p be v(-2). List the prime factors of m(p).
2, 3
Let f be 6/9 - (-33)/(-9). What are the prime factors of f/(-6) + 54/4?
2, 7
Let u(t) = -t + 18. List the prime factors of u(-9).
3
List the prime factors of 24 + -5 + (7 - 3).
23
Suppose 5*v + 3*z = 24, 3*v + 2*z - 12 = z. Suppose -4*p + 3*p + 5*q - 21 = 0, -v*q + 15 = -3*p. What are the prime factors of p/2 + 28/8?
3
